{"id":812,"date":"2023-05-08T08:53:09","date_gmt":"2023-05-08T05:53:09","guid":{"rendered":"https:\/\/dekoralboya.com.tr\/?page_id=812"},"modified":"2025-10-03T19:34:23","modified_gmt":"2025-10-03T16:34:23","slug":"sektorler","status":"publish","type":"page","link":"https:\/\/dekoralboya.com.tr\/index.php\/sektorler\/","title":{"rendered":"SEKT\u00d6RLER"},"content":{"rendered":"\t\t<div data-elementor-type=\"wp-page\" data-elementor-id=\"812\" class=\"elementor elementor-812\">\n\t\t\t\t\t\t\t\t\t<section class=\"elementor-section elementor-top-section elementor-element elementor-element-80adb76 elementor-section-boxed elementor-section-height-default elementor-section-height-default\" data-id=\"80adb76\" data-element_type=\"section\">\n\t\t\t\t\t\t<div class=\"elementor-container elementor-column-gap-no\">\n\t\t\t\t\t<div class=\"elementor-column elementor-col-100 elementor-top-column elementor-element elementor-element-4d8628be\" data-id=\"4d8628be\" data-element_type=\"column\" data-settings=\"{&quot;background_background&quot;:&quot;gradient&quot;}\">\n\t\t\t<div class=\"elementor-widget-wrap elementor-element-populated\">\n\t\t\t\t\t\t\t\t<div class=\"elementor-element elementor-element-df93d41 elementor-widget elementor-widget-heading\" data-id=\"df93d41\" data-element_type=\"widget\" data-widget_type=\"heading.default\">\n\t\t\t\t<div class=\"elementor-widget-container\">\n\t\t\t<style>\/*! elementor - v3.14.0 - 26-06-2023 *\/\n.elementor-heading-title{padding:0;margin:0;line-height:1}.elementor-widget-heading .elementor-heading-title[class*=elementor-size-]>a{color:inherit;font-size:inherit;line-height:inherit}.elementor-widget-heading .elementor-heading-title.elementor-size-small{font-size:15px}.elementor-widget-heading .elementor-heading-title.elementor-size-medium{font-size:19px}.elementor-widget-heading .elementor-heading-title.elementor-size-large{font-size:29px}.elementor-widget-heading .elementor-heading-title.elementor-size-xl{font-size:39px}.elementor-widget-heading .elementor-heading-title.elementor-size-xxl{font-size:59px}<\/style><h1 class=\"elementor-heading-title elementor-size-default\">SEKT\u00d6RLER<\/h1>\t\t<\/div>\n\t\t\t\t<\/div>\n\t\t\t\t<div class=\"elementor-element elementor-element-109e94d0 elementor-align-center elementor-icon-list--layout-traditional elementor-list-item-link-full_width elementor-widget elementor-widget-icon-list\" data-id=\"109e94d0\" data-element_type=\"widget\" data-widget_type=\"icon-list.default\">\n\t\t\t\t<div class=\"elementor-widget-container\">\n\t\t\t<link rel=\"stylesheet\" href=\"https:\/\/dekoralboya.com.tr\/wp-content\/plugins\/elementor\/assets\/css\/widget-icon-list.min.css\">\t\t<ul class=\"elementor-icon-list-items\">\n\t\t\t\t\t\t\t<li class=\"elementor-icon-list-item\">\n\t\t\t\t\t\t\t\t\t\t\t<a href=\"https:\/\/dekoralboya.com.tr\/\">\n\n\t\t\t\t\t\t\t\t\t\t\t<span class=\"elementor-icon-list-text\">Anasayfa<\/span>\n\t\t\t\t\t\t\t\t\t\t\t<\/a>\n\t\t\t\t\t\t\t\t\t<\/li>\n\t\t\t\t\t\t<\/ul>\n\t\t\t\t<\/div>\n\t\t\t\t<\/div>\n\t\t\t\t\t<\/div>\n\t\t<\/div>\n\t\t\t\t\t\t\t<\/div>\n\t\t<\/section>\n\t\t<div class=\"elementor-element elementor-element-5a59fcf e-flex e-con-boxed e-con\" data-id=\"5a59fcf\" data-element_type=\"container\" data-settings=\"{&quot;content_width&quot;:&quot;boxed&quot;}\">\n\t\t\t\t\t<div class=\"e-con-inner\">\n\t\t\t\t<div class=\"elementor-element elementor-element-d20d289 elementor-widget elementor-widget-html\" data-id=\"d20d289\" data-element_type=\"widget\" data-widget_type=\"html.default\">\n\t\t\t\t<div class=\"elementor-widget-container\">\n\t\t\t<!DOCTYPE html>\r\n<html lang=\"tr\" class=\"h-full\">\r\n<head>\r\n    <meta charset=\"UTF-8\">\r\n    <meta name=\"viewport\" content=\"width=device-width, initial-scale=1.0\">\r\n    <title>Dekoral Sekt\u00f6rler<\/title>\r\n    <script src=\"https:\/\/cdn.tailwindcss.com\"><\/script>\r\n    <link rel=\"preconnect\" href=\"https:\/\/fonts.googleapis.com\">\r\n    <link rel=\"preconnect\" href=\"https:\/\/fonts.gstatic.com\" crossorigin>\r\n    <link href=\"https:\/\/fonts.googleapis.com\/css2?family=Inter:wght@400;500;700&display=swap\" rel=\"stylesheet\">\r\n    <style>\r\n        body {\r\n            font-family: 'Inter', sans-serif;\r\n        }\r\n    <\/style>\r\n<\/head>\r\n<body class=\"bg-gray-50 h-full flex flex-col\">\r\n\r\n    <main role=\"main\" class=\"flex flex-col flex-grow\">\r\n        \r\n        <!-- Pazar Kartlar\u0131 Alan\u0131 -->\r\n        <div class=\"container mx-auto px-6 py-12 flex-grow\">\r\n            <div class=\"grid grid-cols-1 sm:grid-cols-2 lg:grid-cols-3 xl:grid-cols-4 gap-8 h-full\">\r\n                \r\n                <!-- Demiryolu Kart\u0131 -->\r\n                <div class=\"bg-white rounded-lg shadow-lg overflow-hidden transform hover:scale-105 transition-transform duration-300 flex flex-col\">\r\n                    <div class=\"p-6 flex-grow\">\r\n                        <a href=\"https:\/\/dekoralboya.com.tr\/index.php\/ticari-arac-grubu\/\" title=\"Demiryolu\" target=\"_blank\"><h4 class=\"text-xl font-bold text-gray-800 mb-2\">Demiryolu<\/h4><\/a>\r\n                        <p class=\"text-gray-600 leading-relaxed\">Demiryolu \u00fcr\u00fcn portf\u00f6y\u00fcm\u00fcz, pazar\u0131n en kapsaml\u0131 i\u00e7 ve d\u0131\u015f sistemlerini i\u00e7ermektedir.<\/p>\r\n                    <\/div>\r\n                <\/div>\r\n\r\n                <!-- Enerji Kart\u0131 -->\r\n                <div class=\"bg-white rounded-lg shadow-lg overflow-hidden transform hover:scale-105 transition-transform duration-300 flex flex-col\">\r\n                    <div class=\"p-6 flex-grow\">\r\n                        <a href=\"https:\/\/dekoralboya.com.tr\/index.php\/makine-ve-hafif-ticari-grubu\/\" title=\"Enerji\" target=\"_blank\"><h4 class=\"text-xl font-bold text-gray-800 mb-2\">Enerji<\/h4><\/a>\r\n                        <p class=\"text-gray-600 leading-relaxed\">Enerji pazar\u0131ndaki talepkar ko\u015fullara kar\u015f\u0131 korumaya y\u00f6nelik komple bir kaplama yelpazesi sunar\u0131z.<\/p>\r\n                    <\/div>\r\n                <\/div>\r\n\r\n                <!-- K\u00f6pr\u00fc ve Otoyol Kart\u0131 -->\r\n                <div class=\"bg-white rounded-lg shadow-lg overflow-hidden transform hover:scale-105 transition-transform duration-300 flex flex-col\">\r\n                    <div class=\"p-6 flex-grow\">\r\n                        <a href=\"https:\/\/dekoralboya.com.tr\/index.php\/agir-sanayi-ve-deniz-grubu\/\" title=\"K\u00f6pr\u00fc ve Otoyol\" target=\"_blank\"><h4 class=\"text-xl font-bold text-gray-800 mb-2\">K\u00f6pr\u00fc ve Otoyol<\/h4><\/a>\r\n                        <p class=\"text-gray-600 leading-relaxed\">50 y\u0131l\u0131 a\u015fk\u0131n s\u00fcredir k\u00f6pr\u00fc kaplamalar\u0131m\u0131z sekt\u00f6r standard\u0131d\u0131r.<\/p>\r\n                    <\/div>\r\n                <\/div>\r\n\r\n                <!-- Metaller ve Madencilik Kart\u0131 -->\r\n                <div class=\"bg-white rounded-lg shadow-lg overflow-hidden transform hover:scale-105 transition-transform duration-300 flex flex-col\">\r\n                    <div class=\"p-6 flex-grow\">\r\n                        <a href=\"https:\/\/dekoralboya.com.tr\/index.php\/zinga-galvaniz-grubu\/\" title=\"Metaller ve Madencilik\" target=\"_blank\"><h4 class=\"text-xl font-bold text-gray-800 mb-2\">Metaller ve Madencilik<\/h4><\/a>\r\n                        <p class=\"text-gray-600 leading-relaxed\">Metal ve madencilik end\u00fcstrisinin zorluklar\u0131n\u0131 ve kat\u0131 taleplerini biliyoruz.<\/p>\r\n                    <\/div>\r\n                <\/div>\r\n\r\n                <!-- OEM Kart\u0131 -->\r\n                <div class=\"bg-white rounded-lg shadow-lg overflow-hidden transform hover:scale-105 transition-transform duration-300 flex flex-col\">\r\n                    <div class=\"p-6 flex-grow\">\r\n                        <a href=\"https:\/\/dekoralboya.com.tr\/index.php\/yapi-ve-insaat-grubu\/\" title=\"OEM\" target=\"_blank\"><h4 class=\"text-xl font-bold text-gray-800 mb-2\">OEM<\/h4><\/a>\r\n                        <p class=\"text-gray-600 leading-relaxed\">OEM at\u00f6lyelerinde \u00fcretilen i\u015f hacmini art\u0131rmak i\u00e7in tasarlanm\u0131\u015f y\u00fcksek kaliteli sistemler \u00fcretiriz.<\/p>\r\n                    <\/div>\r\n                <\/div>\r\n\r\n                <!-- Petrokimya Kart\u0131 -->\r\n                <div class=\"bg-white rounded-lg shadow-lg overflow-hidden transform hover:scale-105 transition-transform duration-300 flex flex-col\">\r\n                    <div class=\"p-6 flex-grow\">\r\n                        <a href=\"https:\/\/dekoralboya.com.tr\/index.php\/uzay-ve-havacilik-grubu\/\" title=\"Petrokimya\" target=\"_blank\"><h4 class=\"text-xl font-bold text-gray-800 mb-2\">Petrokimya<\/h4><\/a>\r\n                        <p class=\"text-gray-600 leading-relaxed\">Yap\u0131 \u00e7eli\u011fi ve d\u0131\u015f depo k\u0131s\u0131mlar\u0131ndan i\u015fleme, boru tesisat\u0131 ve ekipmanlara kadar her \u015fey i\u00e7in \u00e7\u00f6z\u00fcmlere sahibiz.<\/p>\r\n                    <\/div>\r\n                <\/div>\r\n\r\n                <!-- Petrol ve Do\u011falgaz Orta Ak\u0131m Kart\u0131 -->\r\n                <div class=\"bg-white rounded-lg shadow-lg overflow-hidden transform hover:scale-105 transition-transform duration-300 flex flex-col\">\r\n                    <div class=\"p-6 flex-grow\">\r\n                        <a href=\"https:\/\/dekoralboya.com.tr\/index.php\/genel-endustriyel-grubu\/\" title=\"Petrol ve Do\u011falgaz Orta Ak\u0131m\" target=\"_blank\"><h4 class=\"text-xl font-bold text-gray-800 mb-2\">Petrol ve Do\u011falgaz Orta Ak\u0131m<\/h4><\/a>\r\n                        <p class=\"text-gray-600 leading-relaxed\">Boru hatt\u0131 ve terminal end\u00fcstrisindeki varl\u0131klar\u0131 korumak, karakterimizin bir par\u00e7as\u0131d\u0131r.<\/p>\r\n                    <\/div>\r\n                <\/div>\r\n\r\n                <!-- Petrol ve Do\u011falgaz \u00dcst Ak\u0131m Kart\u0131 -->\r\n                <div class=\"bg-white rounded-lg shadow-lg overflow-hidden transform hover:scale-105 transition-transform duration-300 flex flex-col\">\r\n                    <div class=\"p-6 flex-grow\">\r\n                        <a href=\"https:\/\/dekoralboya.com.tr\/index.php\/genel-endustriyel-grubu\/\" title=\"Petrol ve Do\u011falgaz \u00dcst Ak\u0131m\" target=\"_blank\"><h4 class=\"text-xl font-bold text-gray-800 mb-2\">Petrol ve Do\u011falgaz \u00dcst Ak\u0131m<\/h4><\/a>\r\n                        <p class=\"text-gray-600 leading-relaxed\">Karma\u015f\u0131k petrol ve do\u011falgaz end\u00fcstrisinde uzun y\u0131llara dayanan deneyimimizle g\u00fcvenilir \u00e7\u00f6z\u00fcmler sunar\u0131z.<\/p>\r\n                    <\/div>\r\n                <\/div>\r\n\r\n                <!-- Ticari Denizcilik Kart\u0131 -->\r\n                <div class=\"bg-white rounded-lg shadow-lg overflow-hidden transform hover:scale-105 transition-transform duration-300 flex flex-col\">\r\n                    <div class=\"p-6 flex-grow\">\r\n                        <a href=\"https:\/\/dekoralboya.com.tr\/index.php\/ticari-denizcilik\/\" title=\"Ticari Denizcilik\" target=\"_blank\"><h4 class=\"text-xl font-bold text-gray-800 mb-2\">Ticari Denizcilik<\/h4><\/a>\r\n                        <p class=\"text-gray-600 leading-relaxed\">Denizcilik end\u00fcstrisine \u00fcr\u00fcn ve teknik servis sa\u011flama konusundaki uzmanl\u0131\u011f\u0131m\u0131z m\u00fc\u015fterilerimiz i\u00e7in paha bi\u00e7ilemez bir de\u011ferdir.<\/p>\r\n                    <\/div>\r\n                <\/div>\r\n\r\n                <!-- Ticari ve Mimari Kart\u0131 -->\r\n                <div class=\"bg-white rounded-lg shadow-lg overflow-hidden transform hover:scale-105 transition-transform duration-300 flex flex-col\">\r\n                    <div class=\"p-6 flex-grow\">\r\n                        <a href=\"https:\/\/dekoralboya.com.tr\/index.php\/ticari-ve-mimari\/\" title=\"Ticari ve Mimari\" target=\"_blank\"><h4 class=\"text-xl font-bold text-gray-800 mb-2\">Ticari ve Mimari<\/h4><\/a>\r\n                        <p class=\"text-gray-600 leading-relaxed\">Karma\u015f\u0131k ticari pazar i\u00e7in \u00e7ok geni\u015f bir kaplama, d\u00f6\u015feme ve yang\u0131na dayan\u0131kl\u0131l\u0131k \u00fcr\u00fcnleri yelpazemiz vard\u0131r.<\/p>\r\n                    <\/div>\r\n                <\/div>\r\n\r\n                <!-- Yang\u0131na Dayan\u0131kl\u0131l\u0131k Kart\u0131 -->\r\n                <div class=\"bg-white rounded-lg shadow-lg overflow-hidden transform hover:scale-105 transition-transform duration-300 flex flex-col\">\r\n                    <div class=\"p-6 flex-grow\">\r\n                        <a href=\"https:\/\/dekoralboya.com.tr\/index.php\/yangina-dayaniklilik\/\" title=\"Yang\u0131na Dayan\u0131kl\u0131l\u0131k\" target=\"_blank\"><h4 class=\"text-xl font-bold text-gray-800 mb-2\">Yang\u0131na Dayan\u0131kl\u0131l\u0131k<\/h4><\/a>\r\n                        <p class=\"text-gray-600 leading-relaxed\">Yang\u0131na dayan\u0131kl\u0131l\u0131k \u00fcr\u00fcnlerimiz 40 y\u0131l\u0131 a\u015fk\u0131n s\u00fcredir benzersiz koruma sa\u011flamaktad\u0131r.<\/p>\r\n                    <\/div>\r\n                <\/div>\r\n\r\n            <\/div>\r\n        <\/div>\r\n    <\/main>\r\n\r\n<\/body>\r\n<\/html>\r\n\r\n\t\t<\/div>\n\t\t\t\t<\/div>\n\t\t\t\t\t<\/div>\n\t\t\t\t<\/div>\n\t\t\t\t\t\t\t<\/div>\n\t\t","protected":false},"excerpt":{"rendered":"<p>SEKT\u00d6RLER Anasayfa Dekoral Sekt\u00f6rler Demiryolu Demiryolu \u00fcr\u00fcn portf\u00f6y\u00fcm\u00fcz, pazar\u0131n en kapsaml\u0131 i\u00e7 ve d\u0131\u015f sistemlerini i\u00e7ermektedir. Enerji Enerji pazar\u0131ndaki talepkar ko\u015fullara kar\u015f\u0131 korumaya y\u00f6nelik komple bir kaplama yelpazesi sunar\u0131z. K\u00f6pr\u00fc ve Otoyol 50 y\u0131l\u0131 a\u015fk\u0131n s\u00fcredir k\u00f6pr\u00fc kaplamalar\u0131m\u0131z sekt\u00f6r standard\u0131d\u0131r. Metaller ve Madencilik Metal ve madencilik end\u00fcstrisinin zorluklar\u0131n\u0131 ve kat\u0131 taleplerini biliyoruz. OEM OEM at\u00f6lyelerinde \u00fcretilen i\u015f hacmini art\u0131rmak i\u00e7in&#8230;<\/p>\n","protected":false},"author":1,"featured_media":0,"parent":0,"menu_order":0,"comment_status":"closed","ping_status":"closed","template":"elementor_header_footer","meta":{"footnotes":""},"_links":{"self":[{"href":"https:\/\/dekoralboya.com.tr\/index.php\/wp-json\/wp\/v2\/pages\/812"}],"collection":[{"href":"https:\/\/dekoralboya.com.tr\/index.php\/wp-json\/wp\/v2\/pages"}],"about":[{"href":"https:\/\/dekoralboya.com.tr\/index.php\/wp-json\/wp\/v2\/types\/page"}],"author":[{"embeddable":true,"href":"https:\/\/dekoralboya.com.tr\/index.php\/wp-json\/wp\/v2\/users\/1"}],"replies":[{"embeddable":true,"href":"https:\/\/dekoralboya.com.tr\/index.php\/wp-json\/wp\/v2\/comments?post=812"}],"version-history":[{"count":7,"href":"https:\/\/dekoralboya.com.tr\/index.php\/wp-json\/wp\/v2\/pages\/812\/revisions"}],"predecessor-version":[{"id":6105,"href":"https:\/\/dekoralboya.com.tr\/index.php\/wp-json\/wp\/v2\/pages\/812\/revisions\/6105"}],"wp:attachment":[{"href":"https:\/\/dekoralboya.com.tr\/index.php\/wp-json\/wp\/v2\/media?parent=812"}],"curies":[{"name":"wp","href":"https:\/\/api.w.org\/{rel}","templated":true}]}}