{"id":5762,"date":"2024-12-19T10:05:21","date_gmt":"2024-12-19T07:05:21","guid":{"rendered":"https:\/\/dekoralboya.com.tr\/?page_id=5762"},"modified":"2025-09-29T21:17:35","modified_gmt":"2025-09-29T18:17:35","slug":"entegre-yonetim-politikamiz","status":"publish","type":"page","link":"https:\/\/dekoralboya.com.tr\/index.php\/entegre-yonetim-politikamiz\/","title":{"rendered":"ENTEGRE Y\u00d6NET\u0130M POL\u0130T\u0130KAMIZ"},"content":{"rendered":"\t\t<div data-elementor-type=\"wp-page\" data-elementor-id=\"5762\" class=\"elementor elementor-5762\">\n\t\t\t\t\t\t\t\t\t<section class=\"elementor-section elementor-top-section elementor-element elementor-element-5e6dfcff elementor-section-boxed elementor-section-height-default elementor-section-height-default\" data-id=\"5e6dfcff\" data-element_type=\"section\">\n\t\t\t\t\t\t<div class=\"elementor-container elementor-column-gap-no\">\n\t\t\t\t\t<div class=\"elementor-column elementor-col-100 elementor-top-column elementor-element elementor-element-2646295c\" data-id=\"2646295c\" data-element_type=\"column\" data-settings=\"{&quot;background_background&quot;:&quot;gradient&quot;}\">\n\t\t\t<div class=\"elementor-widget-wrap elementor-element-populated\">\n\t\t\t\t\t\t\t\t<div class=\"elementor-element elementor-element-73275b7f elementor-widget elementor-widget-heading\" data-id=\"73275b7f\" data-element_type=\"widget\" data-widget_type=\"heading.default\">\n\t\t\t\t<div class=\"elementor-widget-container\">\n\t\t\t<style>\/*! elementor - v3.14.0 - 26-06-2023 *\/\n.elementor-heading-title{padding:0;margin:0;line-height:1}.elementor-widget-heading .elementor-heading-title[class*=elementor-size-]>a{color:inherit;font-size:inherit;line-height:inherit}.elementor-widget-heading .elementor-heading-title.elementor-size-small{font-size:15px}.elementor-widget-heading .elementor-heading-title.elementor-size-medium{font-size:19px}.elementor-widget-heading .elementor-heading-title.elementor-size-large{font-size:29px}.elementor-widget-heading .elementor-heading-title.elementor-size-xl{font-size:39px}.elementor-widget-heading .elementor-heading-title.elementor-size-xxl{font-size:59px}<\/style><h1 class=\"elementor-heading-title elementor-size-default\"><a href=\"https:\/\/dekoralboya.com.tr\/\">ENTEGRE Y\u00d6NET\u0130M POL\u0130T\u0130KAMIZ<\/a><\/h1>\t\t<\/div>\n\t\t\t\t<\/div>\n\t\t\t\t<div class=\"elementor-element elementor-element-ee45dc0 elementor-align-center elementor-icon-list--layout-traditional elementor-list-item-link-full_width elementor-widget elementor-widget-icon-list\" data-id=\"ee45dc0\" data-element_type=\"widget\" data-widget_type=\"icon-list.default\">\n\t\t\t\t<div class=\"elementor-widget-container\">\n\t\t\t<link rel=\"stylesheet\" href=\"https:\/\/dekoralboya.com.tr\/wp-content\/plugins\/elementor\/assets\/css\/widget-icon-list.min.css\">\t\t<ul class=\"elementor-icon-list-items\">\n\t\t\t\t\t\t\t<li class=\"elementor-icon-list-item\">\n\t\t\t\t\t\t\t\t\t\t\t<a href=\"https:\/\/dekoralboya.com.tr\/\">\n\n\t\t\t\t\t\t\t\t\t\t\t<span class=\"elementor-icon-list-text\">Anasayfa<\/span>\n\t\t\t\t\t\t\t\t\t\t\t<\/a>\n\t\t\t\t\t\t\t\t\t<\/li>\n\t\t\t\t\t\t<\/ul>\n\t\t\t\t<\/div>\n\t\t\t\t<\/div>\n\t\t\t\t\t<\/div>\n\t\t<\/div>\n\t\t\t\t\t\t\t<\/div>\n\t\t<\/section>\n\t\t<div class=\"elementor-element elementor-element-79f427a e-flex e-con-boxed e-con\" data-id=\"79f427a\" data-element_type=\"container\" data-settings=\"{&quot;content_width&quot;:&quot;boxed&quot;}\">\n\t\t\t\t\t<div class=\"e-con-inner\">\n\t\t\t\t<div class=\"elementor-element elementor-element-736cf23 elementor-widget elementor-widget-html\" data-id=\"736cf23\" data-element_type=\"widget\" data-widget_type=\"html.default\">\n\t\t\t\t<div class=\"elementor-widget-container\">\n\t\t\t<!DOCTYPE html>\r\n<html lang=\"tr\">\r\n<head>\r\n    <meta charset=\"UTF-8\">\r\n    <meta name=\"viewport\" content=\"width=device-width, initial-scale=1.0\">\r\n    <title>Entegre Y\u00f6netim Politikam\u0131z - Dekoral Boya<\/title>\r\n    <script src=\"https:\/\/cdn.tailwindcss.com\"><\/script>\r\n    <link rel=\"preconnect\" href=\"https:\/\/fonts.googleapis.com\">\r\n    <link rel=\"preconnect\" href=\"https:\/\/fonts.gstatic.com\" crossorigin>\r\n    <link href=\"https:\/\/fonts.googleapis.com\/css2?family=Inter:wght@400;500;600;700&display=swap\" rel=\"stylesheet\">\r\n    <style>\r\n        body {\r\n            font-family: 'Inter', sans-serif;\r\n        }\r\n    <\/style>\r\n<\/head>\r\n<body class=\"bg-gray-50 text-gray-800\">\r\n\r\n    <div class=\"container mx-auto px-4 py-12 md:py-20\">\r\n\r\n        <!-- Ba\u015fl\u0131k Alan\u0131 -->\r\n        <header class=\"text-center mb-12\">\r\n            <h1 class=\"text-4xl md:text-5xl font-bold text-gray-900\">Entegre Y\u00f6netim Politikam\u0131z<\/h1>\r\n            <p class=\"mt-4 text-lg text-gray-600 max-w-3xl mx-auto\">Dekoral Boya olarak kalite ve \u00e7evre standartlar\u0131na olan ba\u011fl\u0131l\u0131\u011f\u0131m\u0131z.<\/p>\r\n        <\/header>\r\n\r\n        <main class=\"max-w-4xl mx-auto\">\r\n            \r\n            <!-- ISO 9001:2015 Kalite Y\u00f6netim Sistemi -->\r\n            <div class=\"bg-white p-8 rounded-xl shadow-lg mb-8 border border-gray-200\">\r\n                <div class=\"flex items-start\">\r\n                    <div class=\"flex-shrink-0\">\r\n                         <div class=\"w-12 h-12 bg-blue-100 text-blue-600 rounded-full flex items-center justify-center\">\r\n                            <svg class=\"w-6 h-6\" fill=\"none\" stroke=\"currentColor\" viewBox=\"0 0 24 24\" xmlns=\"http:\/\/www.w3.org\/2000\/svg\"><path stroke-linecap=\"round\" stroke-linejoin=\"round\" stroke-width=\"2\" d=\"M9 12l2 2 4-4m6 2a9 9 0 11-18 0 9 9 0 0118 0z\"><\/path><\/svg>\r\n                        <\/div>\r\n                    <\/div>\r\n                    <div class=\"ml-6\">\r\n                        <h2 class=\"text-2xl font-semibold text-gray-900\">ISO 9001:2015 Kalite Y\u00f6netim Sistemi<\/h2>\r\n                        <p class=\"mt-2 text-gray-600\">\"KAL\u0130TE\"yi olmazsa olmaz bir zorunluluk olarak g\u00f6r\u00fcyor ve bu \u00e7er\u00e7evede hedeflerimizi belirliyoruz.<\/p>\r\n                        <ul class=\"mt-6 space-y-4 list-inside\">\r\n                            <li class=\"flex items-start\">\r\n                                <svg class=\"w-5 h-5 text-blue-500 mr-3 mt-1 flex-shrink-0\" fill=\"currentColor\" viewBox=\"0 0 20 20\"><path fill-rule=\"evenodd\" d=\"M10 18a8 8 0 100-16 8 8 0 000 16zm3.707-9.293a1 1 0 00-1.414-1.414L9 10.586 7.707 9.293a1 1 0 00-1.414 1.414l2 2a1 1 0 001.414 0l4-4z\" clip-rule=\"evenodd\"><\/path><\/svg>\r\n                                <span>Yapt\u0131\u011f\u0131m\u0131z \u00e7al\u0131\u015fmalarda m\u00fc\u015fteri memnuniyetini her \u015feyden \u00fcst\u00fcn tutmak.<\/span>\r\n                            <\/li>\r\n                            <li class=\"flex items-start\">\r\n                                <svg class=\"w-5 h-5 text-blue-500 mr-3 mt-1 flex-shrink-0\" fill=\"currentColor\" viewBox=\"0 0 20 20\"><path fill-rule=\"evenodd\" d=\"M10 18a8 8 0 100-16 8 8 0 000 16zm3.707-9.293a1 1 0 00-1.414-1.414L9 10.586 7.707 9.293a1 1 0 00-1.414 1.414l2 2a1 1 0 001.414 0l4-4z\" clip-rule=\"evenodd\"><\/path><\/svg>\r\n                                <span>Teknolojik geli\u015fmeyi yak\u0131ndan takip ederek s\u00fcrekli iyile\u015ftirme bilinciyle g\u00fcvenilir, d\u00fcr\u00fcst, planl\u0131 ve zaman\u0131nda istenen hizmeti ger\u00e7ekle\u015ftirmek.<\/span>\r\n                            <\/li>\r\n                            <li class=\"flex items-start\">\r\n                               <svg class=\"w-5 h-5 text-blue-500 mr-3 mt-1 flex-shrink-0\" fill=\"currentColor\" viewBox=\"0 0 20 20\"><path fill-rule=\"evenodd\" d=\"M10 18a8 8 0 100-16 8 8 0 000 16zm3.707-9.293a1 1 0 00-1.414-1.414L9 10.586 7.707 9.293a1 1 0 00-1.414 1.414l2 2a1 1 0 001.414 0l4-4z\" clip-rule=\"evenodd\"><\/path><\/svg>\r\n                                <span>Kurulu\u015fumuzda \u00e7al\u0131\u015fan personelin geli\u015fimini, kariyerini geli\u015ftirmek i\u00e7in planlanan aral\u0131klar ile e\u011fitimlere \u00f6nem vererek e\u011fitimli personel ile \u00e7al\u0131\u015fmak.<\/span>\r\n                            <\/li>\r\n                        <\/ul>\r\n                    <\/div>\r\n                <\/div>\r\n            <\/div>\r\n\r\n            <!-- ISO 14001:2015 \u00c7evre Y\u00f6netim Sistemi -->\r\n            <div class=\"bg-white p-8 rounded-xl shadow-lg border border-gray-200\">\r\n                 <div class=\"flex items-start\">\r\n                    <div class=\"flex-shrink-0\">\r\n                         <div class=\"w-12 h-12 bg-green-100 text-green-600 rounded-full flex items-center justify-center\">\r\n                            <svg class=\"w-6 h-6\" fill=\"none\" stroke=\"currentColor\" viewBox=\"0 0 24 24\" xmlns=\"http:\/\/www.w3.org\/2000\/svg\"><path stroke-linecap=\"round\" stroke-linejoin=\"round\" stroke-width=\"2\" d=\"M14.828 14.828a4 4 0 01-5.656 0M9 10h.01M15 10h.01M21 12a9 9 0 11-18 0 9 9 0 0118 0z\"><\/path><\/svg>\r\n                        <\/div>\r\n                    <\/div>\r\n                    <div class=\"ml-6\">\r\n                        <h2 class=\"text-2xl font-semibold text-gray-900\">ISO 14001:2015 \u00c7evre Y\u00f6netim Sistemi<\/h2>\r\n                        <p class=\"mt-2 text-gray-600\">S\u00fcrd\u00fcr\u00fclebilir bir gelecek i\u00e7in \u00e7evresel sorumluluklar\u0131m\u0131z\u0131 yerine getiriyoruz.<\/p>\r\n                        <ul class=\"mt-6 space-y-4 list-inside\">\r\n                            <li class=\"flex items-start\">\r\n                                <svg class=\"w-5 h-5 text-green-500 mr-3 mt-1 flex-shrink-0\" fill=\"currentColor\" viewBox=\"0 0 20 20\"><path fill-rule=\"evenodd\" d=\"M10 18a8 8 0 100-16 8 8 0 000 16zm3.707-9.293a1 1 0 00-1.414-1.414L9 10.586 7.707 9.293a1 1 0 00-1.414 1.414l2 2a1 1 0 001.414 0l4-4z\" clip-rule=\"evenodd\"><\/path><\/svg>\r\n                                <span>\u00c7evre kirlenmesine etki eden \u015firket i\u00e7i ve d\u0131\u015f\u0131 etkenleri en aza indirmek.<\/span>\r\n                            <\/li>\r\n                            <li class=\"flex items-start\">\r\n                                <svg class=\"w-5 h-5 text-green-500 mr-3 mt-1 flex-shrink-0\" fill=\"currentColor\" viewBox=\"0 0 20 20\"><path fill-rule=\"evenodd\" d=\"M10 18a8 8 0 100-16 8 8 0 000 16zm3.707-9.293a1 1 0 00-1.414-1.414L9 10.586 7.707 9.293a1 1 0 00-1.414 1.414l2 2a1 1 0 001.414 0l4-4z\" clip-rule=\"evenodd\"><\/path><\/svg>\r\n                                <span>Kaynaklar\u0131 etkin ve ak\u0131lc\u0131 bir \u015fekilde kullanmak.<\/span>\r\n                            <\/li>\r\n                            <li class=\"flex items-start\">\r\n                                <svg class=\"w-5 h-5 text-green-500 mr-3 mt-1 flex-shrink-0\" fill=\"currentColor\" viewBox=\"0 0 20 20\"><path fill-rule=\"evenodd\" d=\"M10 18a8 8 0 100-16 8 8 0 000 16zm3.707-9.293a1 1 0 00-1.414-1.414L9 10.586 7.707 9.293a1 1 0 00-1.414 1.414l2 2a1 1 0 001.414 0l4-4z\" clip-rule=\"evenodd\"><\/path><\/svg>\r\n                                <span>Geri d\u00f6n\u00fc\u015f\u00fcm teknolojisi uygulamak.<\/span>\r\n                            <\/li>\r\n                             <li class=\"flex items-start\">\r\n                                <svg class=\"w-5 h-5 text-green-500 mr-3 mt-1 flex-shrink-0\" fill=\"currentColor\" viewBox=\"0 0 20 20\"><path fill-rule=\"evenodd\" d=\"M10 18a8 8 0 100-16 8 8 0 000 16zm3.707-9.293a1 1 0 00-1.414-1.414L9 10.586 7.707 9.293a1 1 0 00-1.414 1.414l2 2a1 1 0 001.414 0l4-4z\" clip-rule=\"evenodd\"><\/path><\/svg>\r\n                                <span>Yasal \u015fartlara ve mevzuata uygun \u00e7al\u0131\u015fmak.<\/span>\r\n                            <\/li>\r\n                             <li class=\"flex items-start\">\r\n                                <svg class=\"w-5 h-5 text-green-500 mr-3 mt-1 flex-shrink-0\" fill=\"currentColor\" viewBox=\"0 0 20 20\"><path fill-rule=\"evenodd\" d=\"M10 18a8 8 0 100-16 8 8 0 000 16zm3.707-9.293a1 1 0 00-1.414-1.414L9 10.586 7.707 9.293a1 1 0 00-1.414 1.414l2 2a1 1 0 001.414 0l4-4z\" clip-rule=\"evenodd\"><\/path><\/svg>\r\n                                <span>\u015eirket i\u00e7inde ve d\u0131\u015f\u0131nda \u00e7evre ile ilgili e\u011fitim ve bilin\u00e7lendirme faaliyetleri organize etmek, bu t\u00fcr faaliyetlere destek vermek.<\/span>\r\n                            <\/li>\r\n                            <li class=\"flex items-start\">\r\n                                <svg class=\"w-5 h-5 text-green-500 mr-3 mt-1 flex-shrink-0\" fill=\"currentColor\" viewBox=\"0 0 20 20\"><path fill-rule=\"evenodd\" d=\"M10 18a8 8 0 100-16 8 8 0 000 16zm3.707-9.293a1 1 0 00-1.414-1.414L9 10.586 7.707 9.293a1 1 0 00-1.414 1.414l2 2a1 1 0 001.414 0l4-4z\" clip-rule=\"evenodd\"><\/path><\/svg>\r\n                                <span>S\u00fcrekli geli\u015fmeyi sa\u011flamak.<\/span>\r\n                            <\/li>\r\n                        <\/ul>\r\n                    <\/div>\r\n                <\/div>\r\n            <\/div>\r\n            \r\n        <\/main>\r\n\r\n        <!-- \u0130mza Alan\u0131 -->\r\n        <footer class=\"mt-16 text-center\">\r\n            <p class=\"text-xl font-semibold text-gray-900\">Ziya \u00c7ANKAL<\/p>\r\n            <p class=\"text-gray-600\">Genel M\u00fcd\u00fcr<\/p>\r\n        <\/footer>\r\n\r\n    <\/div>\r\n\r\n<\/body>\r\n<\/html>\r\n\t\t<\/div>\n\t\t\t\t<\/div>\n\t\t\t\t\t<\/div>\n\t\t\t\t<\/div>\n\t\t\t\t\t\t\t<\/div>\n\t\t","protected":false},"excerpt":{"rendered":"<p>ENTEGRE Y\u00d6NET\u0130M POL\u0130T\u0130KAMIZ Anasayfa Entegre Y\u00f6netim Politikam\u0131z &#8211; Dekoral Boya Entegre Y\u00f6netim Politikam\u0131z Dekoral Boya olarak kalite ve \u00e7evre standartlar\u0131na olan ba\u011fl\u0131l\u0131\u011f\u0131m\u0131z. ISO 9001:2015 Kalite Y\u00f6netim Sistemi &#8220;KAL\u0130TE&#8221;yi olmazsa olmaz bir zorunluluk olarak g\u00f6r\u00fcyor ve bu \u00e7er\u00e7evede hedeflerimizi belirliyoruz. Yapt\u0131\u011f\u0131m\u0131z \u00e7al\u0131\u015fmalarda m\u00fc\u015fteri memnuniyetini her \u015feyden \u00fcst\u00fcn tutmak. Teknolojik geli\u015fmeyi yak\u0131ndan takip ederek s\u00fcrekli iyile\u015ftirme bilinciyle g\u00fcvenilir, d\u00fcr\u00fcst, planl\u0131 ve zaman\u0131nda&#8230;<\/p>\n","protected":false},"author":1,"featured_media":0,"parent":0,"menu_order":0,"comment_status":"closed","ping_status":"closed","template":"elementor_header_footer","meta":{"footnotes":""},"_links":{"self":[{"href":"https:\/\/dekoralboya.com.tr\/index.php\/wp-json\/wp\/v2\/pages\/5762"}],"collection":[{"href":"https:\/\/dekoralboya.com.tr\/index.php\/wp-json\/wp\/v2\/pages"}],"about":[{"href":"https:\/\/dekoralboya.com.tr\/index.php\/wp-json\/wp\/v2\/types\/page"}],"author":[{"embeddable":true,"href":"https:\/\/dekoralboya.com.tr\/index.php\/wp-json\/wp\/v2\/users\/1"}],"replies":[{"embeddable":true,"href":"https:\/\/dekoralboya.com.tr\/index.php\/wp-json\/wp\/v2\/comments?post=5762"}],"version-history":[{"count":10,"href":"https:\/\/dekoralboya.com.tr\/index.php\/wp-json\/wp\/v2\/pages\/5762\/revisions"}],"predecessor-version":[{"id":5818,"href":"https:\/\/dekoralboya.com.tr\/index.php\/wp-json\/wp\/v2\/pages\/5762\/revisions\/5818"}],"wp:attachment":[{"href":"https:\/\/dekoralboya.com.tr\/index.php\/wp-json\/wp\/v2\/media?parent=5762"}],"curies":[{"name":"wp","href":"https:\/\/api.w.org\/{rel}","templated":true}]}}