{"id":170,"date":"2020-07-30T11:46:36","date_gmt":"2020-07-30T08:46:36","guid":{"rendered":"https:\/\/bizbergthemes.com\/bizberg-lite\/?page_id=170"},"modified":"2025-09-29T21:26:09","modified_gmt":"2025-09-29T18:26:09","slug":"agency-homepage-2","status":"publish","type":"page","link":"https:\/\/dekoralboya.com.tr\/index.php\/agency-homepage-2\/","title":{"rendered":"BOYAHANE BLOG"},"content":{"rendered":"\t\t<div data-elementor-type=\"wp-page\" data-elementor-id=\"170\" class=\"elementor elementor-170\">\n\t\t\t\t\t\t\t\t\t<section class=\"elementor-section elementor-top-section elementor-element elementor-element-7ad3d10 elementor-section-boxed elementor-section-height-default elementor-section-height-default\" data-id=\"7ad3d10\" data-element_type=\"section\">\n\t\t\t\t\t\t<div class=\"elementor-container elementor-column-gap-no\">\n\t\t\t\t\t<div class=\"elementor-column elementor-col-100 elementor-top-column elementor-element elementor-element-1265192e\" data-id=\"1265192e\" data-element_type=\"column\" data-settings=\"{&quot;background_background&quot;:&quot;gradient&quot;}\">\n\t\t\t<div class=\"elementor-widget-wrap elementor-element-populated\">\n\t\t\t\t\t\t\t\t<div class=\"elementor-element elementor-element-33f95fc3 elementor-widget elementor-widget-heading\" data-id=\"33f95fc3\" data-element_type=\"widget\" data-widget_type=\"heading.default\">\n\t\t\t\t<div class=\"elementor-widget-container\">\n\t\t\t<style>\/*! elementor - v3.14.0 - 26-06-2023 *\/\n.elementor-heading-title{padding:0;margin:0;line-height:1}.elementor-widget-heading .elementor-heading-title[class*=elementor-size-]>a{color:inherit;font-size:inherit;line-height:inherit}.elementor-widget-heading .elementor-heading-title.elementor-size-small{font-size:15px}.elementor-widget-heading .elementor-heading-title.elementor-size-medium{font-size:19px}.elementor-widget-heading .elementor-heading-title.elementor-size-large{font-size:29px}.elementor-widget-heading .elementor-heading-title.elementor-size-xl{font-size:39px}.elementor-widget-heading .elementor-heading-title.elementor-size-xxl{font-size:59px}<\/style><h1 class=\"elementor-heading-title elementor-size-default\">Boyahane Blog<\/h1>\t\t<\/div>\n\t\t\t\t<\/div>\n\t\t\t\t<div class=\"elementor-element elementor-element-60dd4813 elementor-icon-list--layout-inline elementor-align-center elementor-list-item-link-full_width elementor-widget elementor-widget-icon-list\" data-id=\"60dd4813\" data-element_type=\"widget\" data-widget_type=\"icon-list.default\">\n\t\t\t\t<div class=\"elementor-widget-container\">\n\t\t\t<link rel=\"stylesheet\" href=\"https:\/\/dekoralboya.com.tr\/wp-content\/plugins\/elementor\/assets\/css\/widget-icon-list.min.css\">\t\t<ul class=\"elementor-icon-list-items elementor-inline-items\">\n\t\t\t\t\t\t\t<li class=\"elementor-icon-list-item elementor-inline-item\">\n\t\t\t\t\t\t\t\t\t\t\t<a href=\"https:\/\/dekoralboya.com.tr\/\">\n\n\t\t\t\t\t\t\t\t\t\t\t<span class=\"elementor-icon-list-text\">Anasayfa<\/span>\n\t\t\t\t\t\t\t\t\t\t\t<\/a>\n\t\t\t\t\t\t\t\t\t<\/li>\n\t\t\t\t\t\t<\/ul>\n\t\t\t\t<\/div>\n\t\t\t\t<\/div>\n\t\t\t\t\t<\/div>\n\t\t<\/div>\n\t\t\t\t\t\t\t<\/div>\n\t\t<\/section>\n\t\t<div class=\"elementor-element elementor-element-f6e84d8 e-flex e-con-boxed e-con\" data-id=\"f6e84d8\" data-element_type=\"container\" data-settings=\"{&quot;content_width&quot;:&quot;boxed&quot;}\">\n\t\t\t\t\t<div class=\"e-con-inner\">\n\t\t\t\t<div class=\"elementor-element elementor-element-b1c2af6 elementor-widget elementor-widget-html\" data-id=\"b1c2af6\" data-element_type=\"widget\" data-widget_type=\"html.default\">\n\t\t\t\t<div class=\"elementor-widget-container\">\n\t\t\t<!DOCTYPE html>\r\n<html lang=\"tr\">\r\n<head>\r\n    <meta charset=\"UTF-8\">\r\n    <meta name=\"viewport\" content=\"width=device-width, initial-scale=1.0\">\r\n    <title>Dekoral Boya - Kimya ve End\u00fcstri Blog<\/title>\r\n    <script src=\"https:\/\/cdn.tailwindcss.com\"><\/script>\r\n    <link rel=\"preconnect\" href=\"https:\/\/fonts.googleapis.com\">\r\n    <link rel=\"preconnect\" href=\"https:\/\/fonts.gstatic.com\" crossorigin>\r\n    <link href=\"https:\/\/fonts.googleapis.com\/css2?family=Inter:wght@400;500;600;700&display=swap\" rel=\"stylesheet\">\r\n    <style>\r\n        body {\r\n            font-family: 'Inter', sans-serif;\r\n            background-color: #f8fafc; \/* light gray background *\/\r\n        }\r\n        .header-shadow {\r\n            box-shadow: 0 4px 6px -1px rgba(0, 0, 0, 0.1), 0 2px 4px -1px rgba(0, 0, 0, 0.06);\r\n        }\r\n        .card-hover {\r\n            transition: transform 0.3s ease, box-shadow 0.3s ease;\r\n        }\r\n        .card-hover:hover {\r\n            transform: translateY(-5px);\r\n            box-shadow: 0 10px 15px -3px rgba(0, 0, 0, 0.1), 0 4px 6px -2px rgba(0, 0, 0, 0.05);\r\n        }\r\n    <\/style>\r\n<\/head>\r\n<body>\r\n\r\n    <!-- Header -->\r\n    <header class=\"bg-white sticky top-0 z-50 header-shadow\">\r\n        <nav class=\"container mx-auto px-6 py-4 flex justify-between items-center\">\r\n            <a href=\"#\" class=\"text-2xl font-bold text-gray-800\">\r\n                DEKORAL <span class=\"text-blue-600\">BLOG<\/span>\r\n            <\/a>\r\n            <div class=\"hidden md:flex items-center space-x-6\">\r\n                <a href=\"#\" class=\"text-gray-600 hover:text-blue-600 transition duration-300\">Anasayfa<\/a>\r\n                <a href=\"#\" class=\"text-gray-600 hover:text-blue-600 transition duration-300\">Teknik Makaleler<\/a>\r\n                <a href=\"#\" class=\"text-gray-600 hover:text-blue-600 transition duration-300\">\u00dcr\u00fcn \u0130ncelemeleri<\/a>\r\n                <a href=\"#\" class=\"text-gray-600 hover:text-blue-600 transition duration-300\">Hakk\u0131m\u0131zda<\/a>\r\n                <a href=\"#\" class=\"bg-blue-600 text-white px-4 py-2 rounded-md hover:bg-blue-700 transition duration-300\">\u0130leti\u015fim<\/a>\r\n            <\/div>\r\n            <div class=\"md:hidden\">\r\n                <button id=\"menu-btn\" class=\"text-gray-800 focus:outline-none\">\r\n                    <svg class=\"w-6 h-6\" fill=\"none\" stroke=\"currentColor\" viewBox=\"0 0 24 24\" xmlns=\"http:\/\/www.w3.org\/2000\/svg\"><path stroke-linecap=\"round\" stroke-linejoin=\"round\" stroke-width=\"2\" d=\"M4 6h16M4 12h16m-7 6h7\"><\/path><\/svg>\r\n                <\/button>\r\n            <\/div>\r\n        <\/nav>\r\n        <!-- Mobile Menu -->\r\n        <div id=\"mobile-menu\" class=\"hidden md:hidden\">\r\n            <a href=\"#\" class=\"block px-6 py-3 text-gray-600 hover:bg-gray-100\">Anasayfa<\/a>\r\n            <a href=\"#\" class=\"block px-6 py-3 text-gray-600 hover:bg-gray-100\">Teknik Makaleler<\/a>\r\n            <a href=\"#\" class=\"block px-6 py-3 text-gray-600 hover:bg-gray-100\">\u00dcr\u00fcn \u0130ncelemeleri<\/a>\r\n            <a href=\"#\" class=\"block px-6 py-3 text-gray-600 hover:bg-gray-100\">Hakk\u0131m\u0131zda<\/a>\r\n            <a href=\"#\" class=\"block px-6 py-3 text-blue-600 hover:bg-gray-100\">\u0130leti\u015fim<\/a>\r\n        <\/div>\r\n    <\/header>\r\n\r\n    <!-- Main Content -->\r\n    <main class=\"container mx-auto px-6 py-12\">\r\n        \r\n        <!-- Hero Section -->\r\n        <section class=\"text-center mb-16\">\r\n            <h1 class=\"text-4xl md:text-5xl font-bold text-gray-800 mb-4\">End\u00fcstriyel Boya ve Kaplama \u00c7\u00f6z\u00fcmleri<\/h1>\r\n            <p class=\"text-lg text-gray-600 max-w-3xl mx-auto\">Kimya end\u00fcstrisindeki son yenilikler, teknik analizler ve sekt\u00f6rdeki geli\u015fmeler hakk\u0131nda en g\u00fcncel bilgiler.<\/p>\r\n        <\/section>\r\n\r\n        <!-- Blog Posts Grid -->\r\n        <div class=\"grid grid-cols-1 md:grid-cols-2 lg:grid-cols-3 gap-10\">\r\n            \r\n            <!-- Post 1 -->\r\n            <div class=\"bg-white rounded-lg overflow-hidden shadow-lg card-hover\">\r\n                <img decoding=\"async\" src=\"https:\/\/placehold.co\/600x400\/3b82f6\/ffffff?text=Korozyon+Kontrol\u00fc\" alt=\"Korozyon Kontrol\u00fc\" class=\"w-full h-48 object-cover\">\r\n                <div class=\"p-6\">\r\n                    <span class=\"text-sm text-gray-500\">29 Eyl\u00fcl 2025 \u2022 Teknik Makale<\/span>\r\n                    <h2 class=\"text-xl font-semibold text-gray-800 mt-2 mb-3\">ISO 12944 Standard\u0131na G\u00f6re Korozyon Kontrol\u00fc<\/h2>\r\n                    <p class=\"text-gray-600 mb-4\">Metal y\u00fczeylerin korunmas\u0131nda kritik bir rol oynayan ISO 12944 standard\u0131n\u0131n C1'den C5'e kadar olan koruyuculuk seviyelerini inceliyoruz.<\/p>\r\n                    <a href=\"#\" class=\"text-blue-600 font-semibold hover:underline\">Devam\u0131n\u0131 Oku &rarr;<\/a>\r\n                <\/div>\r\n            <\/div>\r\n\r\n            <!-- Post 2 -->\r\n            <div class=\"bg-white rounded-lg overflow-hidden shadow-lg card-hover\">\r\n                <img decoding=\"async\" src=\"https:\/\/placehold.co\/600x400\/10b981\/ffffff?text=Epoksi+Zemin\" alt=\"Epoksi Zemin\" class=\"w-full h-48 object-cover\">\r\n                <div class=\"p-6\">\r\n                    <span class=\"text-sm text-gray-500\">25 Eyl\u00fcl 2025 \u2022 \u00dcr\u00fcn \u0130ncelemesi<\/span>\r\n                    <h2 class=\"text-xl font-semibold text-gray-800 mt-2 mb-3\">Epoksi Zemin Kaplamalar\u0131n\u0131n End\u00fcstriyel Avantajlar\u0131<\/h2>\r\n                    <p class=\"text-gray-600 mb-4\">A\u011f\u0131r sanayi tesislerinden g\u0131da \u00fcretim alanlar\u0131na kadar epoksi zemin kaplamalar\u0131n\u0131n sundu\u011fu kimyasal ve mekanik dayan\u0131kl\u0131l\u0131k faydalar\u0131.<\/p>\r\n                    <a href=\"#\" class=\"text-blue-600 font-semibold hover:underline\">Devam\u0131n\u0131 Oku &rarr;<\/a>\r\n                <\/div>\r\n            <\/div>\r\n\r\n            <!-- Post 3 -->\r\n            <div class=\"bg-white rounded-lg overflow-hidden shadow-lg card-hover\">\r\n                <img decoding=\"async\" src=\"https:\/\/placehold.co\/600x400\/8b5cf6\/ffffff?text=Poli\u00fcretan+Kimyas\u0131\" alt=\"Poli\u00fcretan Kimyas\u0131\" class=\"w-full h-48 object-cover\">\r\n                <div class=\"p-6\">\r\n                    <span class=\"text-sm text-gray-500\">22 Eyl\u00fcl 2025 \u2022 Teknik Makale<\/span>\r\n                    <h2 class=\"text-xl font-semibold text-gray-800 mt-2 mb-3\">Poli\u00fcretan Boyalar\u0131n Kimyasal Yap\u0131s\u0131 ve Kullan\u0131m Alanlar\u0131<\/h2>\r\n                    <p class=\"text-gray-600 mb-4\">Esneklik ve UV direnci ile \u00f6ne \u00e7\u0131kan poli\u00fcretan bazl\u0131 boyalar\u0131n arkas\u0131ndaki kimyay\u0131 ve uygulama alanlar\u0131n\u0131 derinlemesine ele al\u0131yoruz.<\/p>\r\n                    <a href=\"#\" class=\"text-blue-600 font-semibold hover:underline\">Devam\u0131n\u0131 Oku &rarr;<\/a>\r\n                <\/div>\r\n            <\/div>\r\n            \r\n            <!-- Post 4 -->\r\n            <div class=\"bg-white rounded-lg overflow-hidden shadow-lg card-hover\">\r\n                <img decoding=\"async\" src=\"https:\/\/placehold.co\/600x400\/f59e0b\/ffffff?text=Sentetik+Tiner\" alt=\"Sentetik Tiner\" class=\"w-full h-48 object-cover\">\r\n                <div class=\"p-6\">\r\n                    <span class=\"text-sm text-gray-500\">18 Eyl\u00fcl 2025 \u2022 Sekt\u00f6r Haberleri<\/span>\r\n                    <h2 class=\"text-xl font-semibold text-gray-800 mt-2 mb-3\">Sel\u00fclozik ve Sentetik Tiner Aras\u0131ndaki Teknik Farklar<\/h2>\r\n                    <p class=\"text-gray-600 mb-4\">Do\u011fru boya uygulamas\u0131 i\u00e7in do\u011fru tiner se\u00e7imi hayati \u00f6nem ta\u015f\u0131r. \u0130ki tiner t\u00fcr\u00fcn\u00fcn kimyasal \u00f6zelliklerini ve viskoziteye etkilerini kar\u015f\u0131la\u015ft\u0131r\u0131yoruz.<\/p>\r\n                    <a href=\"#\" class=\"text-blue-600 font-semibold hover:underline\">Devam\u0131n\u0131 Oku &rarr;<\/a>\r\n                <\/div>\r\n            <\/div>\r\n            \r\n            <!-- Post 5 -->\r\n            <div class=\"bg-white rounded-lg overflow-hidden shadow-lg card-hover\">\r\n                <img decoding=\"async\" src=\"https:\/\/placehold.co\/600x400\/ef4444\/ffffff?text=Is\u0131ya+Dayan\u0131kl\u0131+Boya\" alt=\"Is\u0131ya Dayan\u0131kl\u0131 Boya\" class=\"w-full h-48 object-cover\">\r\n                <div class=\"p-6\">\r\n                    <span class=\"text-sm text-gray-500\">15 Eyl\u00fcl 2025 \u2022 \u00dcr\u00fcn \u0130ncelemesi<\/span>\r\n                    <h2 class=\"text-xl font-semibold text-gray-800 mt-2 mb-3\">Y\u00fcksek Is\u0131ya Dayan\u0131kl\u0131 Boyalar: 600\u00b0C ve \u00dczeri Performans<\/h2>\r\n                    <p class=\"text-gray-600 mb-4\">F\u0131r\u0131nlar, kazanlar ve egzoz sistemleri gibi y\u00fcksek s\u0131cakl\u0131\u011fa maruz kalan y\u00fczeyler i\u00e7in geli\u015ftirilen silikon bazl\u0131 boyalar\u0131n \u00f6zellikleri.<\/p>\r\n                    <a href=\"#\" class=\"text-blue-600 font-semibold hover:underline\">Devam\u0131n\u0131 Oku &rarr;<\/a>\r\n                <\/div>\r\n            <\/div>\r\n            \r\n            <!-- Post 6 -->\r\n            <div class=\"bg-white rounded-lg overflow-hidden shadow-lg card-hover\">\r\n                <img decoding=\"async\" src=\"https:\/\/placehold.co\/600x400\/6b7280\/ffffff?text=Galvaniz+Y\u00fczey\" alt=\"Galvaniz Y\u00fczey\" class=\"w-full h-48 object-cover\">\r\n                <div class=\"p-6\">\r\n                    <span class=\"text-sm text-gray-500\">11 Eyl\u00fcl 2025 \u2022 Teknik Makale<\/span>\r\n                    <h2 class=\"text-xl font-semibold text-gray-800 mt-2 mb-3\">Galvanizli Y\u00fczeylere Boya Uygulamas\u0131nda Dikkat Edilmesi Gerekenler<\/h2>\r\n                    <p class=\"text-gray-600 mb-4\">Galvaniz kaplaman\u0131n pasif y\u00fczeyi, boya yap\u0131\u015fmas\u0131n\u0131 zorla\u015ft\u0131rabilir. Do\u011fru astar ve y\u00fczey haz\u0131rl\u0131\u011f\u0131 ile m\u00fckemmel sonu\u00e7lar elde etmenin yollar\u0131.<\/p>\r\n                    <a href=\"#\" class=\"text-blue-600 font-semibold hover:underline\">Devam\u0131n\u0131 Oku &rarr;<\/a>\r\n                <\/div>\r\n            <\/div>\r\n\r\n        <\/div>\r\n\r\n        <!-- Pagination -->\r\n        <div class=\"flex justify-center mt-16\">\r\n            <nav class=\"flex items-center space-x-2\">\r\n                <a href=\"#\" class=\"px-4 py-2 text-gray-500 bg-white rounded-md hover:bg-blue-50\">\u00d6nceki<\/a>\r\n                <a href=\"#\" class=\"px-4 py-2 text-white bg-blue-600 rounded-md\">1<\/a>\r\n                <a href=\"#\" class=\"px-4 py-2 text-gray-700 bg-white rounded-md hover:bg-blue-50\">2<\/a>\r\n                <a href=\"#\" class=\"px-4 py-2 text-gray-700 bg-white rounded-md hover:bg-blue-50\">3<\/a>\r\n                <a href=\"#\" class=\"px-4 py-2 text-gray-700 bg-white rounded-md hover:bg-blue-50\">Sonraki<\/a>\r\n            <\/nav>\r\n        <\/div>\r\n\r\n    <\/main>\r\n\r\n    <!-- Footer -->\r\n    <footer class=\"bg-gray-800 text-white mt-16\">\r\n        <div class=\"container mx-auto px-6 py-8\">\r\n            <div class=\"flex flex-col md:flex-row justify-between items-center\">\r\n                <p>&copy; 2025 Dekoral Boya. T\u00fcm haklar\u0131 sakl\u0131d\u0131r.<\/p>\r\n                <div class=\"flex space-x-4 mt-4 md:mt-0\">\r\n                    <a href=\"#\" class=\"text-gray-400 hover:text-white transition duration-300\">Facebook<\/a>\r\n                    <a href=\"#\" class=\"text-gray-400 hover:text-white transition duration-300\">Twitter<\/a>\r\n                    <a href=\"#\" class=\"text-gray-400 hover:text-white transition duration-300\">LinkedIn<\/a>\r\n                <\/div>\r\n            <\/div>\r\n        <\/div>\r\n    <\/footer>\r\n\r\n    <script>\r\n        const menuBtn = document.getElementById('menu-btn');\r\n        const mobileMenu = document.getElementById('mobile-menu');\r\n\r\n        menuBtn.addEventListener('click', () => {\r\n            mobileMenu.classList.toggle('hidden');\r\n        });\r\n    <\/script>\r\n<\/body>\r\n<\/html>\r\n\t\t<\/div>\n\t\t\t\t<\/div>\n\t\t\t\t\t<\/div>\n\t\t\t\t<\/div>\n\t\t\t\t\t\t\t<\/div>\n\t\t","protected":false},"excerpt":{"rendered":"<p>Boyahane Blog Anasayfa Dekoral Boya &#8211; Kimya ve End\u00fcstri Blog DEKORAL BLOG Anasayfa Teknik Makaleler \u00dcr\u00fcn \u0130ncelemeleri Hakk\u0131m\u0131zda \u0130leti\u015fim Anasayfa Teknik Makaleler \u00dcr\u00fcn \u0130ncelemeleri Hakk\u0131m\u0131zda \u0130leti\u015fim End\u00fcstriyel Boya ve Kaplama \u00c7\u00f6z\u00fcmleri Kimya end\u00fcstrisindeki son yenilikler, teknik analizler ve sekt\u00f6rdeki geli\u015fmeler hakk\u0131nda en g\u00fcncel bilgiler. 29 Eyl\u00fcl 2025 \u2022 Teknik Makale ISO 12944 Standard\u0131na G\u00f6re Korozyon Kontrol\u00fc Metal y\u00fczeylerin korunmas\u0131nda kritik&#8230;<\/p>\n","protected":false},"author":1,"featured_media":0,"parent":0,"menu_order":0,"comment_status":"closed","ping_status":"closed","template":"elementor_header_footer","meta":{"footnotes":""},"_links":{"self":[{"href":"https:\/\/dekoralboya.com.tr\/index.php\/wp-json\/wp\/v2\/pages\/170"}],"collection":[{"href":"https:\/\/dekoralboya.com.tr\/index.php\/wp-json\/wp\/v2\/pages"}],"about":[{"href":"https:\/\/dekoralboya.com.tr\/index.php\/wp-json\/wp\/v2\/types\/page"}],"author":[{"embeddable":true,"href":"https:\/\/dekoralboya.com.tr\/index.php\/wp-json\/wp\/v2\/users\/1"}],"replies":[{"embeddable":true,"href":"https:\/\/dekoralboya.com.tr\/index.php\/wp-json\/wp\/v2\/comments?post=170"}],"version-history":[{"count":19,"href":"https:\/\/dekoralboya.com.tr\/index.php\/wp-json\/wp\/v2\/pages\/170\/revisions"}],"predecessor-version":[{"id":5824,"href":"https:\/\/dekoralboya.com.tr\/index.php\/wp-json\/wp\/v2\/pages\/170\/revisions\/5824"}],"wp:attachment":[{"href":"https:\/\/dekoralboya.com.tr\/index.php\/wp-json\/wp\/v2\/media?parent=170"}],"curies":[{"name":"wp","href":"https:\/\/api.w.org\/{rel}","templated":true}]}}